t p(n) = -n**2 - 79*n + 1331. Determine p(14).
29
Let a(j) = -58*j + 1279. Calculate a(22).
3
Let d(z) = -17*z**2 + 4*z + 7. Calculate d(0).
7
Let o(f) = 4*f**3 + 138*f**2 - 229*f - 84. Determine o(-36).
384
Let w(b) = 9*b**2 - 68*b - 57. Give w(9).
60
Let n(k) = 1716*k + 20618. Give n(-12).
26
Let b(p) = 10*p**3 + 2*p**2 + 5*p - 2. Determine b(-2).
-84
Let h(c) = c**2 - 26*c - 794. Give h(-17).
-63
Let k(b) = b**3 + 4*b**2 + b - 476. What is k(0)?
-476
Let f(h) = -236*h + 3169. Calculate f(13).
101
Let t(p) = 5*p**3 - 45*p**2 + 40*p + 13. Calculate t(8).
13
Let x(m) = -70*m + 152. Calculate x(8).
-408
Let m(g) = 75*g - 1867. Determine m(26).
83
Let a(z) = -z**3 + 18*z**2 - 25*z + 20. What is a(16)?
132
Let m(t) = t**3 - t**2 + 7*t + 9. Give m(0).
9
Let v(l) = -246*l + 210. Calculate v(3).
-528
Let n(w) = w**2 + 110*w - 1463. Give n(12).
1
Let k(a) = -1322*a + 124263. What is k(94)?
-5
Let c(p) = -p**2 + 34*p + 709. What is c(48)?
37
Let b(m) = -m**3 - 61*m**2 + 129*m + 175. What is b(-63)?
-14
Let w(f) = 25*f + 1382. Calculate w(-55).
7
Let r(g) = 12*g**2 - 8*g - 18. Determine r(-6).
462
Let z(n) = -29*n + 875. What is z(29)?
34
Let g(x) = 4*x**3 + 216*x**2 + 58*x + 3134. Calculate g(-54).
2
Let a(n) = -989*n + 35603. Give a(36).
-1
Let x(h) = -6*h + 183. Give x(30).
3
Let m(o) = o**2 + 78*o - 6252. Determine m(49).
-29
Let u(w) = -w**3 + 4*w**2 + 67*w - 333. Give u(5).
-23
Let y(p) = 6*p**2 + 184*p - 910. What is y(-35)?
0
Let b(g) = -5*g**2 - 55*g + 1411. Determine b(-23).
31
Let g(j) = j**3 - 23*j**2 + 41*j - 292. Determine g(22).
126
Let t(z) = 2*z**2 - 75*z + 508. Give t(9).
-5
Let l(b) = -26*b - 1131. What is l(-39)?
-117
Let o(j) = j**3 + 33*j**2 - 42*j - 258. Determine o(-34).
14
Let t(o) = -89*o + 553. What is t(9)?
-248
Let a(y) = -102*y**2 - 610*y + 1. Give a(-6).
-11
Let w(b) = -8*b - 345. What is w(-49)?
47
Let j(m) = 32*m**2 + 93*m - 11. What is j(-3)?
-2
Let p(b) = b**2 + 30*b + 120. Determine p(-5).
-5
Let k(i) = i**3 - 16*i**2 + 36*i - 2. What is k(13)?
-41
Let j(z) = -377*z + 34685. What is j(92)?
1
Let a(d) = 2*d**2 + d - 172. Give a(-10).
18
Let k(b) = 9*b + 204. Give k(-15).
69
Let i(d) = 11*d - 89. What is i(6)?
-23
Let r(i) = -4*i**3 + 53*i**2 - 60*i + 15. Determine r(12).
15
Let x(s) = s**2 + 20*s - 90. What is x(4)?
6
Let r(l) = 20*l - 101. Give r(7).
39
Let t(r) = -96*r + 297. What is t(3)?
9
Let d(j) = 2*j**3 - 26*j**2 + 39*j + 237. Calculate d(11).
182
Let c(f) = -3*f**2 + 72*f + 768. Give c(-8).
0
Let q(c) = -707*c - 9897. What is q(-14)?
1
Let m(c) = -6031*c + 132677. Give m(22).
-5
Let d(o) = -2*o**3 + 19*o**2 - 4*o + 42. Calculate d(9).
87
Let t(u) = 31*u + 3097. What is t(-104)?
-127
Let y(g) = -4468*g - 17854. What is y(-4)?
18
Let l(v) = -2341*v - 42131. What is l(-18)?
7
Let i(w) = w**3 + 74*w**2 + 221*w - 9. Give i(-3).
-33
Let n(u) = -273*u - 1093. Calculate n(-4).
-1
Let d(h) = 4*h**2 + 140*h - 4. Give d(-35).
-4
Let z(x) = x**2 + 99*x + 284. Determine z(-96).
-4
Let c(s) = 738*s + 4465. Give c(-6).
37
Let f(o) = o**3 + 14*o**2 + 46*o - 11. What is f(-6)?
1
Let z(m) = -m**3 + 9*m**2 - 23*m + 8. Give z(7).
-55
Let i(u) = u**3 + 20*u**2 + 147*u + 27. Calculate i(-9).
-405
Let v(a) = a**2 - 14*a - 185. Calculate v(22).
-9
Let w(v) = -102*v - 307. Calculate w(-3).
-1
Let j(c) = -c**3 - 56*c**2 + 74*c + 889. What is j(-57)?
-80
Let a(m) = 13*m + 183. Calculate a(0).
183
Let q(d) = -3*d**3 + 18*d**2 + 81*d - 443. What is q(6)?
43
Let n(l) = -14*l**3 - 3*l**2 + 13*l - 4. Determine n(2).
-102
Let f(q) = -q**3 - q**2 + 15*q + 6. Give f(5).
-69
Let a(p) = 13*p - 1333. Calculate a(103).
6
Let u(r) = -r**3 + 26*r**2 + 2. What is u(0)?
2
Let p(s) = 2*s**2 - 98*s + 567. What is p(6)?
51
Let l(q) = q**2 - 57*q - 271. Calculate l(-5).
39
Let y(x) = 5*x**2 - 38*x - 31. Calculate y(8).
-15
Let o(j) = 38*j + 757. Give o(-6).
529
Let h(s) = 3*s + 38. Determine h(-11).
5
Let r(b) = -5*b**2 - 113*b - 214. What is r(-2)?
-8
Let u(k) = -2*k**2 + 2*k + 1. Calculate u(-4).
-39
Let y(g) = 3*g**3 - 84*g**2 + 7*g + 8. What is y(28)?
204
Let p(c) = c**2 - 44*c - 438. What is p(43)?
-481
Let o(s) = -23*s**2 - 2278*s - 140. What is o(-99)?
-41
Let m(k) = 4*k**3 - 37*k**2 - k - 57. Determine m(9).
-147
Let s(n) = -n**2 - 645*n + 36993. Calculate s(53).
-1
Let q(w) = -1377*w - 2752. What is q(-2)?
2
Let h(p) = 97*p - 1005. What is h(5)?
-520
Let i(f) = 7781*f - 132268. What is i(17)?
9
Let w(x) = -3*x**2 - 6*x + 202. What is w(7)?
13
Let s(f) = -42*f + 164. What is s(6)?
-88
Let q(b) = b**3 + 8*b**2 + 2*b. What is q(0)?
0
Let w(d) = 3*d**3 - 14*d**2 + 3*d. Give w(7).
364
Let m(u) = u**3 + 2*u**2 + 149*u - 11. What is m(0)?
-11
Let n(w) = -215*w + 9245. Determine n(43).
0
Let f(s) = -1180*s - 5904. Give f(-5).
-4
Let i(o) = 37*o + 5468. Determine i(-148).
-8
Let w(g) = -g**3 - 84*g**2 - 920*g + 215. Calculate w(-71).
2
Let j(b) = -17*b - 136. What is j(-7)?
-17
Let d(q) = q**2 + 13*q - 343. Determine d(0).
-343
Let n(y) = -y**3 - 55*y**2 + 884*y + 19. Give n(-68).
19
Let m(p) = 2*p**2 + 136*p - 877. Determine m(-74).
11
Let k(a) = -15*a - 21. Calculate k(-15).
204
Let v(f) = -2*f**2 - 44*f - 188. Give v(-5).
-18
Let l(j) = 1972*j + 3935. Calculate l(-2).
-9
Let g(d) = -2*d**3 + 29*d**2 - 39*d + 2. Give g(13).
2
Let u(w) = -5*w**2 - 121*w + 105. What is u(-25)?
5
Let f(x) = 2*x**3 + 33*x**2 - 91*x + 54. Calculate f(-19).
-22
Let k(g) = -4*g**2 - 17*g + 152. Calculate k(-7).
75
Let j(h) = -3*h**3 + h**2 + 60*h - 261. What is j(4)?
-197
Let b(s) = 16*s - 123. Calculate b(10).
37
Let x(h) = -172*h + 1545. What is x(9)?
-3
Let f(l) = 2*l**2 - 109*l + 311. What is f(51)?
-46
Let y(u) = -u**2 + 20*u - 20. Determine y(24).
-116
Let x(h) = -340*h + 22111. Calculate x(65).
11
Let r(h) = -2*h**2 + 89*h + 176. Determine r(50).
-374
Let f(w) = -89*w**2 - 650*w + 649. What is f(1)?
-90
Let j(t) = -2*t**3 + 22*t**2 + 28*t - 22. Calculate j(12).
26
Let n(j) = 253*j + 754. Give n(-3).
-5
Let t(b) = 230*b - 6917. Give t(30).
-17
Let z(k) = -3*k**2 + 30*k - 118. Give z(5).
-43
Let l(w) = -4637*w + 4647. Give l(1).
10
Let q(c) = -15*c**3 + c**2 - 33*c + 149. Give q(0).
149
Let s(j) = -3*j**3 - 53*j**2 + 11*j - 120. What is s(-18)?
6
Let b(g) = 2*g**2 - 73*g + 107. Give b(37).
144
Let l(j) = -818*j + 14720. What is l(18)?
-4
Let a(g) = 1761*g - 7031. Calculate a(4).
13
Let r(j) = j**2 + 47*j - 131. Give r(3).
19
Let i(h) = 38*h**2 + 81*h - 305. Determine i(4).
627
Let y(c) = c**2 - 6*c - 83. What is y(12)?
-11
Let n(k) = 18*k - 784. Give n(39).
-82
Let d(h) = 2*h - 15. Give d(-4).
-23
Let o(i) = 3*i**2 - 1478*i + 2960. Calculate o(2).
16
Let y(b) = -2*b**3 - 34*b**2 + 4*b + 39. Determine y(-17).
-29
Let p(g) = g**3 + 29*g**2 + 98*g - 3. Calculate p(-4).
5
Let q(u) = -13*u**2 + 82*u + 22. Determine q(9).
-293
Let m(q) = 15646*q - 31280. Calculate m(2).
12
Let v(r) = 7*r**2 + 344*r + 678. What is v(-2)?
18
Let u(i) = 2*i**2 + 20*i - 116. Determine u(4).
-4
Let p(r) = 4*r + 12. Give p(-1).
8
Let s(z) = 7*z**2 - 149*z + 503. Calculate s(17).
-7
Let p(x) = 2*x**3 - 28*x**2 + 98*x + 9. Determine p(8).
25
Let w(j) = 586*j - 4148. What is w(7)?
-46
Let o(i) = i**2 + 50*i + 550. What is o(-36)?
46
Let x(q) = -3*q**2 + 40*q - 166. Give x(8).
-38
Let c(r) = 124*r**2 + 4344*r + 133. Determine c(-35).
-7
Let w(h) = 40*h**2 + 1279*h - 34. Calculate w(-32).
-2
Let m(q) = q**2 - 30*q + 20. Determine m(29).
-9
Let z(t) = 11*t**3 - 91*t**2 - 18*t + 2. Give z(9).
488
Let i(m) = -8*m**2 - 50*m - 46. Calculate i(-1).
-4
Let n(t) = 2*t**2 - 17*t + 32. What is n(2)?
6
Let g(r) = -141*r + 9135. Give g(63).
252
Let m(s) = 35*s**2 - 3*s - 7. Determine m(-1).
31
Let q(b) = -b**3 - 20*b**2 + 124*b - 39. Calculate q(4).
73
Let b(l) = -13*l**3 - l**2 + 2*l + 2. What is b(2)?
-102
Let o(p) = -1164*p - 7987. Give o(-7).
161
Let w(p) = -3755*p - 33788. What is w(-9)?
7
Let b(o) = -2*o**2 + 16*o - 37. Give b(11).
-103
Let g(t) = -t**2 - 7*t + 74. Calculate g(-10).
44
Let b(t) = t**3 - 6*t**2 + 5. What is b(4)?
-27
Let h(u) = -u**2 + 283*u + 3239. What is h(-11)?
5
Let f(x) = -2*x**2 + 45*x + 1128. What is f(-15)?
3
Let c(s) = 2*s**3 - 399*s**2 - 199*s - 198. Determine c(200).
2
Let b(t) = -2*t**3 - 46*t**2 - 39*t - 133. Give b(-22).
-243
Let w(n) = -n**3 - 3*n**2 + 36*n - 8. Calculate w(